Determine n(u).
-2
Let o(f) = -3*f**2 + f - 1. Let x = -323 - -325. Give o(x).
-11
Let g(z) = 5*z**2 - 13*z - 25. Let b(q) = -7*q**2 + 12*q + 28. Let j(l) = -2*b(l) - 3*g(l). Give j(16).
3
Let y(q) be the first derivative of q**2/2 + 14*q + 29. What is y(-7)?
7
Suppose 6 + 0 = -3*m. Let z(l) = -l. Let i(p) = 3*p + 1. Let c(b) = 6*b + 2. Let d(v) = -2*c(v) + 5*i(v). Let q(a) = m*d(a) - 5*z(a). What is q(0)?
-2
Let b(d) = 5*d + 2. Let g = -607 + 609. Give b(g).
12
Let s(b) be the third derivative of b**4/24 + 3*b**3/2 - 10*b**2. Let m = -41 - -41. What is s(m)?
9
Suppose 9 = 3*r, r - 11 = y + y. Let g(z) be the first derivative of z**3/3 + 3*z**2/2 - z + 27. What is g(y)?
3
Let n(t) = 16*t**3 + t**2 + t - 1. Let f be (-2 - -1)/(10 - (10 - -1)). Calculate n(f).
17
Let a(u) = -49*u**2 - 3*u - 2 - 48*u**2 + 96*u**2. Determine a(-2).
0
Suppose 10*j = -9*j + 114. Let r(c) = -c**3 + 5*c**2 + 4*c - 5. Determine r(j).
-17
Let x(q) = -q**3 - q**2 - q + 3. Let o(u) = -2*u**3 - 3*u**2 - 2*u + 7. Let j = -2 - 0. Let w(p) = j*o(p) + 5*x(p). Let y be (-25)/(-15) + (-4)/6. Give w(y).
0
Let y(r) = -r**3 + 7*r**2 - 9*r + 7. Suppose 7*n + n = 8. Let b be -3 - 20/(-2) - n. What is y(b)?
-11
Let m(t) = t**2 - 8*t + 11. Suppose 46*u + 99 = 57*u. What is m(u)?
20
Suppose -o = 3 - 26. Suppose -33 = 7*r + o. Let a(n) be the third derivative of n**4/24 + n**3/2 + n**2. Determine a(r).
-5
Let f(r) = 4*r**3 + r**2 + 2*r - 3. Let k(x) = 11*x**3 + 2*x**2 + 5*x - 9. Let s(z) = 17*f(z) - 6*k(z). What is s(-3)?
-18
Let p(y) be the second derivative of y**4/12 + 2*y**3/3 - 7*y**2/2 - y. Let q be p(-6). Suppose m = q*m. Let x(c) = c**2 + c - 6. Give x(m).
-6
Let k(m) = -m + 1. Let b(t) = -11*t + 4. Let r(s) = b(s) - 4*k(s). Determine r(2).
-14
Let p(j) = -j**3 + 7*j**2 + 13*j + 3. Let b(f) = -f**3 + 4*f**2 + 32*f + 9. Let o be b(-4). Give p(o).
-42
Let n(y) = -3*y + 7. Let m be n(-2). Let k(q) = -6*q - 1. Let p(i) = -12*i - 2. Let s(d) = m*k(d) - 6*p(d). Give s(-3).
17
Let d(j) = 611*j**2 - 3 + 3 - 610*j**2 - 5*j. Suppose -x + 15 = 2*x. Determine d(x).
0
Let i(s) = -s**3 - 9*s**2 - 8*s + 7. Suppose 4 = r - 0. Suppose 0*d + 32 = -4*m + 3*d, r*d = 0. Calculate i(m).
7
Let f(u) = -u**2 - u + 6. Let z be (4 - 2)/(8/(-100)). Let g be (-15)/z*20/2. Suppose 2*k = b + g, 4*b + 0*b + k = 3. Give f(b).
6
Let z(i) = 3*i + 2047*i**2 + 6 - 1022*i**2 - 1024*i**2. Suppose 0 = -3*v + 4*v - 4. Suppose -6*p + 2*p = 3*o + 22, -v*p + o - 14 = 0. What is z(p)?
10
Let o(c) = c**3 - 4*c**2 + c + 3. Let l = -311 + 314. Give o(l).
-3
Let u = 4399 - 4404. Suppose r = 2*i + 2, 0*r + 3*r = i + 11. Let m(h) = 3 + 6*h - 2*h + i. Determine m(u).
-16
Let s = -664 - -673. Let w(l) = 2*l - 25. Calculate w(s).
-7
Let l(y) = 3*y - 5 - 4*y - y. Let n(u) = 10*u - 10. Let p be n(-4). Let w = 46 + p. What is l(w)?
3
Let h be -3 - (0 + 3 + -9). Suppose 24 = 2*g - 3*i, -5*i - 30 = -h*g - 2*i. Let v(n) = -n**3 + 5*n**2 + 7*n - 6. Calculate v(g).
0
Let n(i) be the second derivative of i**3/2 - 65*i. Let y(m) = -2*m - 5. Let a be y(-4). What is n(a)?
9
Let k(u) = 7*u**2 - 35*u - 1 + 2 + 37*u. Give k(-1).
6
Suppose 2*v + t = 2, -254*v - 4*t = -259*v + 5. Let n(x) = 3*x. Determine n(v).
3
Let h(t) = 88*t**2 - 24*t + 11. Let o(i) = 44*i**2 - 11*i + 5. Let v(c) = 6*h(c) - 13*o(c). Give v(1).
-44
Let g(j) = -j - 1. Suppose -3*m + 2 = 2*d - 2, 20 = -5*d. Let z be (m - 3)/((-4)/(-28)). Let i be z*2*2/(-4). Give g(i).
6
Let n(h) = -10*h**3 - 5*h - 1. Let c(w) = -3*w**3 - w. Let p(q) = 7*c(q) - 2*n(q). What is p(-2)?
4
Suppose 4*n = 22*n + 108. Let r(s) = s**3 + 7*s**2 + 7*s + 6. Give r(n).
0
Let y(w) = 4*w - 4. Let i be 15/2 - 60/(-40). Let k be (i/6)/((-4)/(-8)). Suppose 4*s - 5 - 3 = -4*u, -10 = -k*u + s. What is y(u)?
8
Let f be ((-24)/16)/((-5)/((-50)/(-3))). Let j(l) = -2*l + 3. Determine j(f).
-7
Let h(y) = -2*y - 7. Let q(i) = i + 1. Let x(p) = h(p) + 4*q(p). Calculate x(-2).
-7
Let d(y) = 3*y + 19. Let p = -1271 + 1267. Calculate d(p).
7
Let m(r) = -r + 22. Suppose -2*h = 2*h - x - 45, 3*x = -4*h + 25. Determine m(h).
12
Suppose 13*n = -1 - 25. Let w(l) = 3*l**2 - 2*l. Calculate w(n).
16
Let d(r) be the second derivative of r**5/20 + r**4/6 - r**3/2 - 4*r - 23. Give d(-2).
6
Let b(c) be the third derivative of -c**7/5040 + c**6/360 + 4*c**5/3 + 100*c**2. Let i(u) be the third derivative of b(u). Let r = 1 - -2. What is i(r)?
-1
Let s(f) = 4*f**3 - 3*f**2 - 17*f - 91. Let l(i) = -i**3 + i**2 + 4*i + 21. Let c(q) = 9*l(q) + 2*s(q). Determine c(4).
-1
Let h(y) = y**2 - y + 2. Let z = -74 + 79. Suppose d + 4 = z*c, c + 2*d + 6 = -2. Give h(c).
2
Let m(o) = o**3 - 5*o**2 - 6*o + 2. Let v(n) = -3*n - 3. Let h be v(-5). Let r = h + -3. Let k be ((-2)/(-3))/(1/r). Give m(k).
2
Let h(s) = -s**2 + 5*s - 3. Let n(f) = f**2 - 6*f + 4. Let i(k) = -5*h(k) - 4*n(k). Let w(y) = 9*y - 9*y - 3 - y**2 - 2*y. Let m be w(0). Give i(m).
11
Suppose -9 = -12*g + 11*g. Suppose 20 = -g*q + 4*q. Let y(v) = v**3 + 3*v**2 - 5*v - 2. What is y(q)?
2
Let n(s) be the second derivative of -1/3*s**4 + 0 - 1/20*s**5 + 14*s - 1/2*s**2 + 1/3*s**3. Give n(-3).
-16
Suppose 30*j = 28*j + 120. Let x = -58 + j. Let y(n) = -1 - 2*n + 3*n**2 + 2*n**3 - 4*n**2 - n**3 + 0*n**3. Give y(x).
-1
Let c(y) = y**3 - 3*y**2 - 4*y + 6. Let h(n) = n**3 + 30*n**2 + 34*n + 149. Let t be h(-29). Let v = 25 + -55. Let k be v/(-8) + 1/t. Calculate c(k).
6
Suppose r = 5*a - 30 - 104, -3*r = 2*a - 40. Suppose 83 = -5*n + i - 3*i, 2*n = i - a. Let o be n/(-10) - 6/4. Let w(c) = -c - 12. Determine w(o).
-12
Let f be (-6)/33 - 26/(-22). Suppose -5*g - f = 2*s, 4 - 26 = -s + 2*g. Let v(h) = 1 - s*h - 4 + 8*h. What is v(-2)?
5
Let u be (4/2)/(6/9). Suppose 0 = j + u, 11 = -5*s + 3*j - 20. Let g(m) = m + 2. Let a(i) = -i**2 - 13*i - 18. Let q(h) = -a(h) - 4*g(h). Give q(s).
2
Let a(f) = 7*f**2 + 8*f - 9. Let s(t) = 8*t**2 + 9*t - 10. Let h(m) = -7*a(m) + 6*s(m). Calculate h(-4).
-5
Let j be (10/(-25)*1)/(3/75). Let q(n) = n**2 + 13*n + 24. Calculate q(j).
-6
Let f(u) be the third derivative of u**5/60 - 17*u**4/24 + 37*u**3/6 + 449*u**2. Calculate f(15).
7
Let z(m) = 2 + 12*m - 7*m + 5*m**2 + 5*m. Let t = 0 + 9. Let w(o) = 11*o**2 + 21*o + 4. Let v(d) = t*z(d) - 4*w(d). Give v(-5).
-3
Suppose 7*o + 4 = 9*o. Let i(t) = -24*t**2 - 7*t - 4 - t**3 + 17*t**o + 1. Let h be (6/8)/((-1)/8). Give i(h).
3
Let i(l) = -l**3 + 114*l**2 - 57*l**2 - 50*l**2 + 9*l - 7. Calculate i(8).
1
Suppose -g + 54 = 8*g. Suppose o - 5*x = -20, -2*o + g*o - 15 = x. Let l(a) = -a**2 + 5*a + 7. Calculate l(o).
7
Let h(w) = 2*w + 3. Let c(i) = -6*i - 13. Let q(u) = -u - 1. Let n = 11 - 6. Let m(z) = n*q(z) - c(z). Let r be m(-10). Determine h(r).
-1
Suppose -10 = -2*k + 164. Suppose -83*x + k*x - 20 = 0. Let w(s) be the third derivative of -s**6/120 + s**5/10 - 7*s**4/24 - s**3/3 + 3*s**2. Determine w(x).
-12
Let u(f) = 4 - 2*f - 1 - 5. Let p be u(-2). Let g(a) = -5*a**2 + 1 + 4*a**2 + 215*a - 216*a. Determine g(p).
-5
Let j = 3279 + -3285. Let l(u) = -4*u**2 - 24*u - 29. Let w(q) = -q**2 - 6*q - 7. Let m(y) = 2*l(y) - 9*w(y). Determine m(j).
5
Let g(m) be the third derivative of -m**6/120 + m**5/60 - m**4/12 - m**3/6 + 21*m**2 - m. Calculate g(0).
-1
Let x(n) = -n - 8. Let p(t) = 1. Let w(r) = 14*p(r) + 2*x(r). Suppose -15 = 2*k - 5. Calculate w(k).
8
Let w(b) = 2*b + 1. Let n(x) = -7*x - 9. Let t(r) = -n(r) - 3*w(r). Determine t(-12).
-6
Let r(u) = 29*u - 2. Let k(f) = 5*f. Let w(d) = k(d) - r(d). Calculate w(-1).
26
Let i(p) be the second derivative of p**5/20 - 5*p**4/12 - p**3 + 2*p**2 - 300*p. Give i(6).
4
Suppose -2*i - 2 = -4*x, i + 8*x + 1 = 11*x. Let d(q) = -19*q**3 + q**2 + q. Calculate d(i).
19
Let x(f) = -12*f + 20*f - 11*f + 2. Calculate x(-2).
8
Let j = -1350 + 1355. Let v(a) = a**2 - 9*a + 14. Give v(j).
-6
Let v(q) be the first derivative of -24 - 4/3*q**3 + 1/4*q**4 + 2*q - 1/2*q**2. Calculate v(3).
-10
Let z(q) = q**3 - 2*q**2 + 2*q + 1. Let y(m) = 2*m + 14. Let g be y(-6). Determine z(g).
5
Let t(h) = -3*h - 4. Let u be t(-5). Let k(l) = 2*l**2 - 3*l**2 - 24 + u + 12 + l. Let q(p) = -p**3 - 2*p**2 - p - 1. Let c be q(-2). What is k(c)?
-1
Let d(f) be the second derivative of -f**6/360 + f**5/20 - 5*f**4/24 - 5*f**3/3 + 15*f. Let y(w) be the second derivative of d(w). Calculate y(5).
0
Let j(v) = v